rime factors of (-69)/(-3) - -2 - o.
23
Let k = -1 + 2. Suppose y - 5 = -2*y - 2*w, y + k = 2*w. List the prime factors of -2*((-33)/6)/y.
11
Suppose 0 = 3*b - 0*b - 5*s - 191, -4*b - 3*s = -245. What are the prime factors of b?
2, 31
Let d be 2/(-7) - (-46)/14. Let n be 2/2 - (0 - d). Suppose -n*f + 31 = -9. List the prime factors of f.
2, 5
Let j(s) = s + 1. Let f(g) = g - 2. Let q(u) = f(u) - 2*j(u). Let l be q(-5). List the prime factors of l + (-2)/2 + 13.
13
Suppose -9*b + 792 = -b. What are the prime factors of b?
3, 11
Suppose 3*t - 8*t + 540 = 0. What are the prime factors of t?
2, 3
Suppose -2*k + 226 = y, -264 = -4*k + 2*y + 188. List the prime factors of k.
113
Let u be -2*(-2)/4*2. Suppose 0 = -u*l - h + 3 - 19, 10 = l - 4*h. Let b = 4 - l. What are the prime factors of b?
2, 5
Suppose -3*l - 61 = -556. List the prime factors of l.
3, 5, 11
Suppose 0 = -3*s + 2 - 14. Let a = s + 7. Suppose -36 = -a*w - 0*w. List the prime factors of w.
2, 3
Let o(q) = -10*q - 5. List the prime factors of o(-5).
3, 5
Suppose 5*r - 3 = 12. Suppose r = 3*i - 57. What are the prime factors of i?
2, 5
Suppose -4 - 16 = -4*s. Suppose 0 = 2*a + s*o + 19, -2*a + 1 = -0*a + o. Suppose 5*w = a*d + 45, 2*d = 2*w - 13 - 1. What are the prime factors of w?
2, 3
Let y = 1 + 1. Let x(n) = y + 0 + n + n. List the prime factors of x(7).
2
Let z(f) = -11*f + 0 - 2 - 1 + 0*f. List the prime factors of z(-3).
2, 3, 5
Let s be (-30)/2*6/15. Let g be ((-10)/s)/((-3)/9). Let q = 3 - g. What are the prime factors of q?
2
Let l(s) = -s - 3. Let a be l(-3). Let k(u) = u**3 - u**2 + 7. Let p be k(a). Suppose 13 = 2*y - p. List the prime factors of y.
2, 5
What are the prime factors of (-3)/(-6)*458 - 1?
2, 3, 19
Let t(u) = 6*u - 15. What are the prime factors of t(8)?
3, 11
Let f(r) be the first derivative of r**3/3 + r**2 - 6*r - 1. What are the prime factors of f(-5)?
3
Let h be ((-13)/3 + 3)*6. What are the prime factors of 10 - (3 + h + 3)?
2, 3
Let j = 92 + 17. List the prime factors of j.
109
Let d(i) = -2*i**3 - 11*i**2 + i + 2. What are the prime factors of d(-7)?
2, 71
Let b = 6 - 2. Suppose 0 = b*m - 3*m - 3. Suppose 34 - 7 = 3*q + m*o, -4*q + 30 = o. List the prime factors of q.
7
Suppose 0 = 5*x - 0*x + 3*k - 628, k = -4*x + 501. What are the prime factors of x?
5
Suppose 2*r = 2 + 14. Suppose -r = -q + 17. What are the prime factors of q?
5
Suppose 2*r - 3*s = -3*r + 318, 4*r = -5*s + 247. List the prime factors of r.
3, 7
Suppose 3*l + 32 = 5*u, -3*u + 4*u + 12 = -4*l. List the prime factors of l/6 - 205/(-15).
13
Suppose l + 13 = 237. List the prime factors of l.
2, 7
Let b = 23 + -14. Let i = 3 - b. Let v = i + 10. What are the prime factors of v?
2
Let w(x) = -2*x**3 - x**2 - 1. Let m be w(-2). Suppose m = -r + 50. List the prime factors of r.
3, 13
Let c be (1 - -1) + (1 - 3). Suppose -3*k + 42 = 3*a, a + 4*a - 3*k - 94 = c. List the prime factors of a.
17
Let t(o) = -7*o**3 - o**2 + 12*o + 14. What are the prime factors of t(-3)?
2, 79
Suppose -3*g + 2 = -16. List the prime factors of g.
2, 3
Let o(y) = -9*y - 11. List the prime factors of o(-6).
43
Let j = 101 - 69. What are the prime factors of j?
2
Suppose -j + 5 = -5*d + 27, -d - 1 = -2*j. Suppose -j*b = 2*b - y - 81, 3*b + 4*y = 67. List the prime factors of b.
17
Suppose -c - 4*q = -12, 2*c + 3*c - 5*q - 10 = 0. Let p(s) = -4 + 4 - s**3 + 0*s**3 - c*s**2 - 3*s + 3. What are the prime factors of p(-4)?
3, 5
Let u = -12 - -22. Let z be 5 - (-1)/2*-2. Suppose -3*b = -z*f + 9 + 12, 0 = -2*b + u. What are the prime factors of f?
3
Let q be -2*2/(12/51). List the prime factors of ((-6)/(-3))/(-2)*q.
17
Let o(q) be the third derivative of 1/3*q**3 + q**2 - 1/20*q**5 + 0 + 0*q + 1/12*q**4 + 1/60*q**6. List the prime factors of o(2).
2, 5
Let h(m) = -12*m + 13. List the prime factors of h(-4).
61
Let i = -23 - -60. List the prime factors of i.
37
Suppose 0*w + 4*m - 58 = -2*w, 5*m - 110 = -4*w. What are the prime factors of w?
5
Let a(o) be the second derivative of -o**5/4 + o**4/12 - o**3/6 - o**2/2 + 3*o. What are the prime factors of a(-1)?
2, 3
Suppose 3*a = 5*a + 2. What are the prime factors of (-8)/(6/3*a)?
2
Suppose -11 = -s + 18. Suppose -92 + s = -3*u. What are the prime factors of u?
3, 7
Let d(q) = 3*q**2 + q - 18. What are the prime factors of d(-6)?
2, 3, 7
Suppose 3*g = 14 + 31. Suppose -5*k + 1 = 3*y, -3*k - 2*k + 5*y - g = 0. List the prime factors of 11 + 1*(-2)/k.
13
Let o be 4/6 + 28/3. Suppose -2*w = 4*f - o, -2*f - 4 = 2*w - 4*w. Suppose -w*s + 6 = 0, -6*s + 5*s = -5*z + 38. List the prime factors of z.
2
Suppose 3 = 3*p - 36. Let y(j) = j**2 + 2*j - 4. Let d be y(-6). Let s = d - p. List the prime factors of s.
7
Let x = -17 - -54. List the prime factors of x.
37
Let h(z) = -6*z**3 + 15*z**2 + 15*z + 20. Let t(o) = o**3 - 3*o**2 - 3*o - 4. Let x(j) = 2*h(j) + 11*t(j). What are the prime factors of x(-4)?
2, 3
Let g = -70 - -48. Let o = -6 - g. List the prime factors of o.
2
Let n(g) = -g**2 + 9*g - 2. Suppose -2*i + 41 = -5*w, -5*i + 4*i = w - 3. Let u be (-2 - -7)*i/5. What are the prime factors of n(u)?
2, 3
Let w(s) = 4*s - 9. Let m be w(6). Suppose -h - 4*r = -m, 1 + 8 = h + 2*r. List the prime factors of h.
3
Let q(y) = y**3 + 6*y**2 + 5*y + 5. What are the prime factors of q(-5)?
5
Let b be 9/(-12) - 477/(-12). Let u = 23 - b. Let s = 28 + u. What are the prime factors of s?
2, 3
Let i be (-6)/(-9) - 7/(-3). Suppose 0 = j + 4*n - 28, -i*j = 2*j - 2*n - 52. What are the prime factors of j?
2, 3
Let m = 21 + 7. What are the prime factors of m?
2, 7
Let w = 18 - 9. Let x = w - 4. List the prime factors of x.
5
Let k = 2 - 5. What are the prime factors of (-2)/k + 14/6?
3
Suppose 5*p = 2*o - 1, o - 2 = 3*p - 3. Suppose -j - 18 = -3*z - 0*z, -5*j - 14 = 4*z. List the prime factors of o/(-12) - 40/j.
2, 3
Let d(l) be the third derivative of -l**5/60 + 5*l**4/24 + l**3/3 + 2*l**2. Let i be d(4). Let b = i + 0. List the prime factors of b.
2, 3
Suppose -5*i - 12 = -2*p, 5*p = -7*i + 2*i - 5. Let n = i - -2. List the prime factors of 1 + n + 0 + 1.
2
Let r(h) = -h**2 - 11*h + 16. Let k be r(-12). Suppose k*c + 3*u = 158, 5*c - 5*u = -62 + 277. What are the prime factors of c?
41
Let o = 29 + -10. List the prime factors of o.
19
Let l be 2/4 + (-12)/(-8). Suppose -l*r = -0*r - 56. List the prime factors of r.
2, 7
Let b(n) = -n**2 + 6*n + 1. Let d be b(5). Suppose p + y - d = -1, -4*y = -4*p + 28. Suppose 0 = 4*x - 54 + p. List the prime factors of x.
2, 3
Let q = -161 + 296. What are the prime factors of q?
3, 5
Let u = 131 - 72. What are the prime factors of u?
59
Let x(g) = -g**3 + 8*g**2 - 6*g + 3. Let h be x(6). Suppose -5*a + 2*a + h = 0. What are the prime factors of a?
13
Let i be (-19)/5 + 1/(-5). Let o = 4 + i. Suppose o = -g - 4*g + 50. List the prime factors of g.
2, 5
Suppose 5*q + 5*c = -15, -3*c - 13 = -3*q + 2. Let u = q + -1. Suppose u = j - 5*j + 36. What are the prime factors of j?
3
Let j(p) = 0*p**2 - 11 - p**2 + 8*p + 0*p**2. Let b be j(8). Let y = 19 + b. List the prime factors of y.
2
Suppose -3*w - 5*a - 7 = 0, -w = -2*a - 1 + 7. Suppose 5*q = -n - 11, -2*q + 3*n = -n. Let u = q - w. What are the prime factors of u?
2
Let j(r) = 2*r**3 - 3*r**2 - 2*r - 2. What are the prime factors of j(3)?
19
Suppose 3*l + 105 = 3*z, -85 = -3*z + 2*l + 23. What are the prime factors of z?
2, 19
Suppose -4*l + 4*k + 12 = 0, 0 = 5*l + 5*k - 13 - 12. Suppose 2*g = l - 0. List the prime factors of g.
2
Suppose -4*r + 1 = -5*r. Let s = 3 - r. Suppose t + 26 = 2*t + 3*x, -s*t = -4*x - 24. What are the prime factors of t?
11
List the prime factors of ((-1)/3)/((-7)/147).
7
Let h(a) = a**2 + 6*a + 2. Let z be h(-6). Suppose -4*r + 4 = -z*r. List the prime factors of r.
2
Suppose 0*x + 81 = x. Suppose 4*l = -9 + x. What are the prime factors of l?
2, 3
Let y = -185 - -113. Let g = -30 - y. List the prime factors of g.
2, 3, 7
Let y(a) = a**3 - 10*a**2 + 10*a - 5. Suppose -n = 4*d - 16, 3*n - 5*d = -0*n - 20. Let k = n - -9. List the prime factors of y(k).
2
Let c(g) be the first derivative of g**2/2 + 8*g + 2. List the prime factors of c(0).
2
Suppose -2*x = 3*o + 17 - 43, 2*o = -x + 17. What are the prime factors of (14/o)/(3/12)?
7
Let x(k) = -42*k**3 - k**2 - 3*k - 2. List the prim